{"id":225,"date":"2025-04-10T08:03:03","date_gmt":"2025-04-10T08:03:03","guid":{"rendered":"http:\/\/steiradogteam.at.w01cd0de.kasserver.com\/?page_id=225"},"modified":"2025-04-22T07:16:59","modified_gmt":"2025-04-22T07:16:59","slug":"impressum","status":"publish","type":"page","link":"https:\/\/steiradogteam.at\/index.php\/impressum\/","title":{"rendered":"Impressum"},"content":{"rendered":"<div class=\"fusion-fullwidth fullwidth-box fusion-builder-row-1 fusion-flex-container has-pattern-background has-mask-background nonhundred-percent-fullwidth non-hundred-percent-height-scrolling\" style=\"--awb-border-radius-top-left:0px;--awb-border-radius-top-right:0px;--awb-border-radius-bottom-right:0px;--awb-border-radius-bottom-left:0px;--awb-flex-wrap:wrap;\" ><div class=\"fusion-builder-row fusion-row fusion-flex-align-items-flex-start fusion-flex-content-wrap\" style=\"max-width:1248px;margin-left: calc(-4% \/ 2 );margin-right: calc(-4% \/ 2 );\"><div class=\"fusion-layout-column fusion_builder_column fusion-builder-column-0 fusion_builder_column_1_1 1_1 fusion-flex-column\" style=\"--awb-bg-size:cover;--awb-width-large:100%;--awb-margin-top-large:0px;--awb-spacing-right-large:1.92%;--awb-margin-bottom-large:20px;--awb-spacing-left-large:1.92%;--awb-width-medium:100%;--awb-order-medium:0;--awb-spacing-right-medium:1.92%;--awb-spacing-left-medium:1.92%;--awb-width-small:100%;--awb-order-small:0;--awb-spacing-right-small:1.92%;--awb-spacing-left-small:1.92%;\"><div class=\"fusion-column-wrapper fusion-column-has-shadow fusion-flex-justify-content-flex-start fusion-content-layout-column\"><div class=\"fusion-text fusion-text-1\"><p class=\"\" data-start=\"279\" data-end=\"365\"><strong data-start=\"279\" data-end=\"300\">SteiraDogTeam S\u00fcd<\/strong><br data-start=\"300\" data-end=\"303\" \/>Christine Hofer-Lukic<br data-start=\"324\" data-end=\"327\" \/>Wagnerweg 26<br data-start=\"339\" data-end=\"342\" \/>A-8054 Seiersberg-Pirka<\/p>\n<p class=\"\" data-start=\"367\" data-end=\"485\">Tel: +43 676 73 72 020<br data-start=\"389\" data-end=\"392\" \/>E-Mail: <a href=\"mailto:christine@steiradogteam.at\" rel=\"noopener\" data-start=\"400\" data-end=\"426\">christine@steiradogteam.at<\/a><br data-start=\"426\" data-end=\"429\" \/>Web: <a class=\"\" href=\"http:\/\/www.steiradogteam.at\" target=\"_new\" rel=\"noopener\" data-start=\"434\" data-end=\"485\">www.steiradogteam.at<\/a><\/p>\n<p><strong>Zust\u00e4ndig:\u00a0<\/strong>Bezirkshauptmannschaft Graz-Umgebung<br \/>\n<strong data-start=\"646\" data-end=\"663\">Mitglied bei:<\/strong> \u00d6KV (\u00d6sterreichischer Kynologenverband)<br \/>\n<strong>ZVR-Zahl:<\/strong> 1790503073<\/p>\n<p><strong>Berufsbezeichnung:<\/strong> Tierschutzqualifizierte Hundetrainerin<br \/>\n<strong>Verleihungsstaat:<\/strong> \u00d6sterreich<\/p>\n<p class=\"\" data-start=\"804\" data-end=\"1026\"><strong data-start=\"804\" data-end=\"827\">Haftungsausschluss:<\/strong><br data-start=\"827\" data-end=\"830\" \/>Die Inhalte dieser Website wurden sorgf\u00e4ltig gepr\u00fcft und nach bestem Wissen erstellt. F\u00fcr die angebotenen Informationen wird kein Anspruch auf Vollst\u00e4ndigkeit, Aktualit\u00e4t oder Richtigkeit erhoben.<\/p>\n<p class=\"\" data-start=\"1028\" data-end=\"1114\"><strong data-start=\"1028\" data-end=\"1046\">Bildnachweise:<\/strong><br data-start=\"1046\" data-end=\"1049\" \/>Alle Fotos: Christine Hofer-Lukic, freepik.com, rawpixel.com<\/p>\n<\/div><\/div><\/div><\/div><\/div>\n","protected":false},"excerpt":{"rendered":"","protected":false},"author":1,"featured_media":0,"parent":0,"menu_order":0,"comment_status":"closed","ping_status":"closed","template":"100-width.php","meta":{"footnotes":""},"class_list":["post-225","page","type-page","status-publish","hentry"],"_links":{"self":[{"href":"https:\/\/steiradogteam.at\/index.php\/wp-json\/wp\/v2\/pages\/225","targetHints":{"allow":["GET"]}}],"collection":[{"href":"https:\/\/steiradogteam.at\/index.php\/wp-json\/wp\/v2\/pages"}],"about":[{"href":"https:\/\/steiradogteam.at\/index.php\/wp-json\/wp\/v2\/types\/page"}],"author":[{"embeddable":true,"href":"https:\/\/steiradogteam.at\/index.php\/wp-json\/wp\/v2\/users\/1"}],"replies":[{"embeddable":true,"href":"https:\/\/steiradogteam.at\/index.php\/wp-json\/wp\/v2\/comments?post=225"}],"version-history":[{"count":5,"href":"https:\/\/steiradogteam.at\/index.php\/wp-json\/wp\/v2\/pages\/225\/revisions"}],"predecessor-version":[{"id":296,"href":"https:\/\/steiradogteam.at\/index.php\/wp-json\/wp\/v2\/pages\/225\/revisions\/296"}],"wp:attachment":[{"href":"https:\/\/steiradogteam.at\/index.php\/wp-json\/wp\/v2\/media?parent=225"}],"curies":[{"name":"wp","href":"https:\/\/api.w.org\/{rel}","templated":true}]}}