{"id":69,"date":"2025-04-08T12:23:53","date_gmt":"2025-04-08T12:23:53","guid":{"rendered":"http:\/\/steiradogteam.at.w01cd0de.kasserver.com\/?page_id=69"},"modified":"2025-08-26T13:37:14","modified_gmt":"2025-08-26T13:37:14","slug":"uber-christine","status":"publish","type":"page","link":"https:\/\/steiradogteam.at\/index.php\/uber-christine\/","title":{"rendered":"\u00dcber Christine"},"content":{"rendered":"<div class=\"fusion-fullwidth fullwidth-box fusion-builder-row-1 fusion-flex-container has-pattern-background has-mask-background nonhundred-percent-fullwidth non-hundred-percent-height-scrolling\" style=\"--awb-border-radius-top-left:0px;--awb-border-radius-top-right:0px;--awb-border-radius-bottom-right:0px;--awb-border-radius-bottom-left:0px;--awb-flex-wrap:wrap;\" ><div class=\"fusion-builder-row fusion-row fusion-flex-align-items-flex-start fusion-flex-content-wrap\" style=\"max-width:1248px;margin-left: calc(-4% \/ 2 );margin-right: calc(-4% \/ 2 );\"><div class=\"fusion-layout-column fusion_builder_column fusion-builder-column-0 fusion_builder_column_1_2 1_2 fusion-flex-column\" style=\"--awb-bg-size:cover;--awb-width-large:50%;--awb-margin-top-large:0px;--awb-spacing-right-large:3.84%;--awb-margin-bottom-large:20px;--awb-spacing-left-large:3.84%;--awb-width-medium:50%;--awb-order-medium:0;--awb-spacing-right-medium:3.84%;--awb-spacing-left-medium:3.84%;--awb-width-small:100%;--awb-order-small:0;--awb-spacing-right-small:1.92%;--awb-spacing-left-small:1.92%;\"><div class=\"fusion-column-wrapper fusion-column-has-shadow fusion-flex-justify-content-flex-start fusion-content-layout-column\"><div class=\"fusion-image-element \" style=\"--awb-caption-title-font-family:var(--h2_typography-font-family);--awb-caption-title-font-weight:var(--h2_typography-font-weight);--awb-caption-title-font-style:var(--h2_typography-font-style);--awb-caption-title-size:var(--h2_typography-font-size);--awb-caption-title-transform:var(--h2_typography-text-transform);--awb-caption-title-line-height:var(--h2_typography-line-height);--awb-caption-title-letter-spacing:var(--h2_typography-letter-spacing);\"><span class=\" fusion-imageframe imageframe-none imageframe-1 hover-type-none\"><img decoding=\"async\" width=\"769\" height=\"1024\" title=\"christine-hofer-lukic-portrait-steiradog-hundeschule\" src=\"http:\/\/steiradogteam.at.w01cd0de.kasserver.com\/wp-content\/uploads\/2025\/04\/christine-hofer-lukic-portrait-steiradog-hundeschule-769x1024.png\" alt class=\"img-responsive wp-image-72\" srcset=\"https:\/\/steiradogteam.at\/wp-content\/uploads\/2025\/04\/christine-hofer-lukic-portrait-steiradog-hundeschule-200x266.png 200w, https:\/\/steiradogteam.at\/wp-content\/uploads\/2025\/04\/christine-hofer-lukic-portrait-steiradog-hundeschule-400x533.png 400w, https:\/\/steiradogteam.at\/wp-content\/uploads\/2025\/04\/christine-hofer-lukic-portrait-steiradog-hundeschule-600x799.png 600w, https:\/\/steiradogteam.at\/wp-content\/uploads\/2025\/04\/christine-hofer-lukic-portrait-steiradog-hundeschule-800x1065.png 800w, https:\/\/steiradogteam.at\/wp-content\/uploads\/2025\/04\/christine-hofer-lukic-portrait-steiradog-hundeschule-1200x1598.png 1200w, https:\/\/steiradogteam.at\/wp-content\/uploads\/2025\/04\/christine-hofer-lukic-portrait-steiradog-hundeschule.png 1789w\" sizes=\"(max-width: 640px) 100vw, 600px\" \/><\/span><\/div><\/div><\/div><div class=\"fusion-layout-column fusion_builder_column fusion-builder-column-1 fusion_builder_column_1_2 1_2 fusion-flex-column\" style=\"--awb-bg-size:cover;--awb-width-large:50%;--awb-margin-top-large:0px;--awb-spacing-right-large:3.84%;--awb-margin-bottom-large:20px;--awb-spacing-left-large:3.84%;--awb-width-medium:50%;--awb-order-medium:0;--awb-spacing-right-medium:3.84%;--awb-spacing-left-medium:3.84%;--awb-width-small:100%;--awb-order-small:0;--awb-spacing-right-small:1.92%;--awb-spacing-left-small:1.92%;\"><div class=\"fusion-column-wrapper fusion-column-has-shadow fusion-flex-justify-content-flex-start fusion-content-layout-column\"><div class=\"fusion-title title fusion-title-1 fusion-sep-none fusion-title-text fusion-title-size-one\"><h1 class=\"fusion-title-heading title-heading-left fusion-responsive-typography-calculated\" style=\"margin:0;--fontSize:110;line-height:1;\">Tini<\/h1><\/div><div class=\"fusion-text fusion-text-1\"><p><span style=\"color: var(--awb-text-color); font-family: var(--awb-text-font-family); font-size: var(--awb-font-size); font-style: var(--awb-text-font-style); font-weight: var(--awb-text-font-weight); letter-spacing: var(--awb-letter-spacing); text-align: var(--awb-content-alignment); text-transform: var(--awb-text-transform); background-color: var(--awb-bg-color-hover);\">Hundetrainerin, J\u00e4gerin, Fotografin \u2013 mit Herz f\u00fcr Mensch, Tier &amp; Natur.<\/span><\/p>\n<p>Ich bin Christine \u2013 Hundetrainerin mit Leidenschaft, Naturmensch mit Tiefgang und leidenschaftliche Fotografin. In meiner Arbeit mit Hunden verbinde ich Fachwissen, Erfahrung und Einf\u00fchlungsverm\u00f6gen mit einem feinen Gesp\u00fcr f\u00fcr Mensch-Hund-Beziehungen. Besonders die Ausbildung von Jagdhunden liegt mir am Herzen \u2013 mit zwei Labrador-R\u00fcden an meiner Seite bin ich sowohl im Training als auch auf Pr\u00fcfungen unterwegs.<\/p>\n<p>Als \u00d6KV-zertifizierte und tierschutzqualifizierte Hundetrainerin, aber auch als J\u00e4gerin und Falknerin, flie\u00dft viel jagdliches Wissen in meine Arbeit ein. F\u00fcr mich z\u00e4hlt nicht nur Gehorsam, sondern das Vertrauen, die Kommunikation und das gemeinsame Erlebnis in Feld, Wald und Flur.<\/p>\n<p>Neben der Hundewelt schl\u00e4gt mein Herz f\u00fcr die Fotografie. Eine Kamera begleitet mich seit meiner Jugend \u2013 damals analog mit einer Chinon, heute mit zwei Leicas (M Monochrom &amp; M10), mit denen ich regelm\u00e4\u00dfig Momente aus Natur, Jagd, Mensch und Tier einfange.<\/p>\n<p>Geboren in Rovereto (Trento) Italien und aufgewachsen in Bozen (S\u00fcdtirol\/Alto Adige), f\u00fchrt mich mein Weg \u00fcber die HTBLA Graz und die Scuola delle Arti Grafiche Bozen hin zu meiner Arbeit als Werbegrafikerin und Fotografin seit 1989. Mein kreativer Blick und mein Sinn f\u00fcr Details pr\u00e4gen nicht nur meine Bilder, sondern auch mein Hundetraining \u2013 individuell, aufmerksam und authentisch.<\/p>\n<p>Ob im Revier, im Training oder hinter der Kamera \u2013 mein Ziel ist es immer, echte Verbindungen sichtbar und erlebbar zu machen.<\/p>\n<\/div><\/div><\/div><\/div><\/div>\n","protected":false},"excerpt":{"rendered":"","protected":false},"author":1,"featured_media":0,"parent":0,"menu_order":0,"comment_status":"closed","ping_status":"closed","template":"100-width.php","meta":{"footnotes":""},"class_list":["post-69","page","type-page","status-publish","hentry"],"_links":{"self":[{"href":"https:\/\/steiradogteam.at\/index.php\/wp-json\/wp\/v2\/pages\/69","targetHints":{"allow":["GET"]}}],"collection":[{"href":"https:\/\/steiradogteam.at\/index.php\/wp-json\/wp\/v2\/pages"}],"about":[{"href":"https:\/\/steiradogteam.at\/index.php\/wp-json\/wp\/v2\/types\/page"}],"author":[{"embeddable":true,"href":"https:\/\/steiradogteam.at\/index.php\/wp-json\/wp\/v2\/users\/1"}],"replies":[{"embeddable":true,"href":"https:\/\/steiradogteam.at\/index.php\/wp-json\/wp\/v2\/comments?post=69"}],"version-history":[{"count":6,"href":"https:\/\/steiradogteam.at\/index.php\/wp-json\/wp\/v2\/pages\/69\/revisions"}],"predecessor-version":[{"id":320,"href":"https:\/\/steiradogteam.at\/index.php\/wp-json\/wp\/v2\/pages\/69\/revisions\/320"}],"wp:attachment":[{"href":"https:\/\/steiradogteam.at\/index.php\/wp-json\/wp\/v2\/media?parent=69"}],"curies":[{"name":"wp","href":"https:\/\/api.w.org\/{rel}","templated":true}]}}